oes 31 divide 71276254?
True
Is 166 a factor of 15073832?
False
Is 49641139 a multiple of 4?
False
Does 25 divide 118991600?
True
Is 56418104 a multiple of 107?
True
Does 226 divide 127072085?
False
Does 37 divide 413681682?
True
Is 3758614 a multiple of 4?
False
Does 6 divide 37913681?
False
Is 19 a factor of 10720412?
False
Does 304 divide 56947360?
False
Is 147140192 a multiple of 1096?
True
Does 104 divide 14632696?
True
Is 2517 a factor of 231949101?
True
Does 5463 divide 587516430?
False
Does 46 divide 752250908?
False
Is 18 a factor of 120671487?
False
Is 1489432 a multiple of 196?
False
Does 21 divide 37674231?
True
Is 265087305 a multiple of 345?
True
Does 248 divide 623849294?
False
Does 321 divide 621707985?
True
Does 43 divide 70938046?
True
Is 2955088246 a multiple of 11?
True
Does 1444 divide 64970793?
False
Is 28312235 a multiple of 445?
True
Is 696 a factor of 102419930?
False
Does 15 divide 44152005?
True
Is 132 a factor of 2694706608?
True
Is 47678294 a multiple of 1198?
False
Is 13 a factor of 20703553?
True
Does 32 divide 28128313?
False
Is 1760406 a multiple of 407?
False
Does 300 divide 97499100?
True
Does 5 divide 1983078315?
True
Is 175452593 a multiple of 1892?
False
Is 33112479 a multiple of 2?
False
Is 66238620 a multiple of 14?
True
Does 82 divide 4267257?
False
Does 643 divide 717166192?
True
Is 25114404 a multiple of 213?
True
Is 12640760 a multiple of 706?
False
Is 51 a factor of 1135608738?
True
Is 12 a factor of 3118215540?
True
Is 502755984 a multiple of 113?
True
Does 8104 divide 2177921446?
False
Does 16 divide 70284103?
False
Is 1356 a factor of 21920452?
False
Does 14 divide 477153332?
False
Does 36 divide 1541689020?
True
Is 34386859 a multiple of 793?
True
Is 637317988 a multiple of 59?
False
Is 10 a factor of 975930650?
True
Is 95762345 a multiple of 35?
True
Is 87943730 a multiple of 1010?
True
Is 186444932 a multiple of 107?
True
Does 1168 divide 22332160?
True
Is 4 a factor of 2182331?
False
Does 421 divide 16887800?
False
Does 151 divide 7913608?
True
Is 13 a factor of 2816123300?
False
Is 14204843 a multiple of 17?
True
Is 654 a factor of 58054272?
True
Is 49 a factor of 354984403?
False
Is 26460297 a multiple of 27?
True
Does 840 divide 102499384?
False
Does 69 divide 1550436?
False
Is 85514532 a multiple of 12?
True
Is 95478 a multiple of 6?
True
Is 161987451 a multiple of 159?
True
Does 43 divide 55763733?
True
Does 9 divide 61191432?
True
Is 3259 a factor of 44526540?
False
Is 5914 a factor of 1469132224?
True
Does 1142 divide 12189708?
True
Does 106 divide 28062108?
False
Does 26 divide 441657372?
True
Does 13 divide 11305155?
False
Does 101 divide 21415249?
False
Does 3281 divide 2311329979?
True
Does 31 divide 444673690?
False
Does 2182 divide 226416970?
False
Does 610 divide 53384056?
False
Is 13306107 a multiple of 857?
False
Is 2 a factor of 33064428?
True
Does 1696 divide 350840596?
False
Is 2641361231 a multiple of 8?
False
Is 981 a factor of 2088312971?
False
Does 140 divide 40571117?
False
Does 86 divide 159222464?
True
Is 463263158 a multiple of 842?
False
Does 13 divide 733265337?
False
Does 195 divide 22007408?
False
Does 512 divide 5931676672?
True
Is 92986039 a multiple of 15?
False
Is 6 a factor of 2118652?
False
Is 12 a factor of 47122536?
True
Does 88 divide 343294336?
True
Does 45 divide 1350692055?
True
Is 309219212 a multiple of 4039?
False
Is 47 a factor of 81409922?
True
Is 149 a factor of 892954435?
False
Is 396 a factor of 980529264?
True
Does 209 divide 882260902?
False
Is 145743379 a multiple of 15?
False
Does 217 divide 66217550?
True
Does 48 divide 115525152?
True
Does 25 divide 153053618?
False
Is 1372 a factor of 194748635?
False
Is 3208 a factor of 11866392?
True
Is 4103141 a multiple of 2?
False
Is 16 a factor of 605523600?
True
Is 14394188 a multiple of 7?
False
Is 19 a factor of 6632387?
True
Is 120693352 a multiple of 8?
True
Is 4911 a factor of 2377567341?
True
Is 2770 a factor of 1263059060?
True
Does 13 divide 10000698?
False
Is 18 a factor of 175860270?
True
Does 11 divide 28443580?
True
Does 9 divide 128933305?
False
Is 14 a factor of 918970038?
True
Is 18102887 a multiple of 2129?
True
Is 61129660 a multiple of 86?
True
Is 440 a factor of 109347040?
True
Is 9 a factor of 36421993?
False
Is 1588224075 a multiple of 2052?
False
Is 50815183 a multiple of 379?
True
Is 1705 a factor of 9591755?
False
Is 4460817 a multiple of 141?
True
Does 2455 divide 50015560?
False
Is 2143131431 a multiple of 1477?
True
Is 40 a factor of 18807638?
False
Is 1210849310 a multiple of 6358?
True
Is 19 a factor of 676350733?
True
Is 459 a factor of 661168843?
False
Does 16 divide 20825512?
False
Is 8 a factor of 32147104?
True
Is 1295510459 a multiple of 19?
True
Is 245315608 a multiple of 4?
True
Is 7 a factor of 1224564103?
True
Is 149695362 a multiple of 3174?
True
Is 4488946921 a multiple of 3423?
False
Is 146 a factor of 5570196?
False
Is 603 a factor of 29358261?
True
Does 305 divide 22780241?
False
Is 921245350 a multiple of 36?
False
Is 377 a factor of 615601289?
False
Is 9 a factor of 36126540?
True
Is 14 a factor of 1056466048?
False
Is 75 a factor of 578402775?
True
Does 173 divide 79886729?
True
Is 210367419 a multiple of 45?
False
Does 5 divide 4156845?
True
Is 1661 a factor of 32330928?
False
Is 73433035 a multiple of 845?
True
Is 443 a factor of 66891370?
False
Is 22 a factor of 114676841?
False
Is 22781040 a multiple of 48?
True
Is 208 a factor of 79626768?
True
Does 833 divide 27759506?
False
Does 34 divide 27820738?
True
Is 1209938310 a multiple of 747?
True
Is 28726037 a multiple of 25?
False
Does 63 divide 31004253?
True
Is 750585366 a multiple of 27?
True
Does 1346 divide 122604448?
True
Is 3316 a factor of 266902343?
False
Is 411415784 a multiple of 772?
True
Does 20 divide 590062357?
False
Does 318 divide 669491442?
True
Does 90 divide 19207092?
False
Is 393250308 a multiple of 33?
True
Does 672 divide 52275552?
True
Is 736718381 a multiple of 2839?
False
Is 20 a factor of 66224853?
False
Is 249272574 a multiple of 1878?
True
Does 1444 divide 339989800?
True
Is 6547055 a multiple of 23?
False
Does 25 divide 1849348843?
False
Does 62 divide 119698998?
True
Is 210922374 a multiple of 299?
True
Is 5438955970 a multiple of 82?
False
Is 124862552 a multiple of 436?
True
Is 99163701 a multiple of 441?
True
Is 11 a factor of 4024952?
False
Is 171573927 a multiple of 3?
True
Is 76 a factor of 18480511?
False
Is 28070124 a multiple of 6?
True
Is 250194293 a multiple of 609?
False
Is 128 a factor of 3245032832?
True
Does 13 divide 1458245971?
True
Is 37 a factor of 8538710?
False
Is 33 a factor of 17225491?
False
Does 9 divide 2136489005?
False
Is 42491989 a multiple of 1383?
False
Is 308173093 a multiple of 53?
False
Does 2198 divide 72524171?
False
Is 453 a factor of 43901779?
False
Is 16 a factor of 3755600?
True
Does 2 divide 5137969?
False
Is 610045161 a multiple of 11?
True
Is 399897281 a multiple of 6907?
False
Is 1932733961 a multiple of 7075?
False
Does 364 divide 1107001532?
True
Does 320 divide 294934080?
True
Is 2151 a factor of 61348671?
True
Is 34 a factor of 197106840?
True
Does 39 divide 113997039?
True
Is 10 a factor of 365109465?
False
Is 564284264 a multiple of 1751?
True
Is 10 a factor of 230482780?
True
Is 53 a factor of 136700676?
False
Is 72145668 a multiple of 12?
True
Does 381 divide 28062174?
True
Is 73627085 a multiple of 23?
False
Does 86 divide 16935120?
True
Does 1047 divide 192096231?
True
Is 155803181 a multiple of 12?
False
Does 633 divide 33337764?
False
Is 1358302 a multiple of 8?
False
Is 92223994 a multiple of 1157?
False
Is 104281579 a multiple of 47?
True
Does 38 divide 3335274131?
False
Is 758923 a multiple of 6?
False
Is 2 a factor of 39747698?
True
Is 166 a factor of 68724355?
False
Is 254 a factor of 84475833?
False
Is 72 a factor of 459502955?
False
Is 1748 a factor of 40981860?
True
Is 17976888 a multiple of 24?
True
Is 99 a factor of 44372566?
False
Is 121 a factor of 4612641?
True
Is 49 a factor of 1976985358?
False
Does 4356 divide 1183371394?
False
Is 758 a factor of 601282742?
True
Is 30776557 a multiple of 778?
False
Is 16 a factor of 405835668?
False
Does 545 divide 18677695?
True
Is 337962366 a multiple of 1